{"id":1975,"date":"2021-08-31T19:47:21","date_gmt":"2021-08-31T18:47:21","guid":{"rendered":"https:\/\/www.chirurgie-suederelbe.de\/?page_id=1975"},"modified":"2024-10-15T19:47:09","modified_gmt":"2024-10-15T18:47:09","slug":"stellenangebote","status":"publish","type":"page","link":"https:\/\/www.chirurgie-suederelbe.de\/?page_id=1975","title":{"rendered":"Stellenangebote"},"content":{"rendered":"<p>[et_pb_section fb_built=&#8220;1&#8243; _builder_version=&#8220;4.16&#8243; _module_preset=&#8220;default&#8220; background_image=&#8220;https:\/\/www.chirurgie-suederelbe.de\/wp-content\/uploads\/2021\/08\/stellen-III.jpg&#8220; background_position=&#8220;bottom_center&#8220; module_alignment=&#8220;center&#8220; min_height_tablet=&#8220;200px&#8220; min_height_phone=&#8220;100px&#8220; min_height_last_edited=&#8220;on|desktop&#8220; height=&#8220;350px&#8220; height_tablet=&#8220;&#8220; height_phone=&#8220;&#8220; height_last_edited=&#8220;on|desktop&#8220; global_colors_info=&#8220;{}&#8220;][\/et_pb_section][et_pb_section fb_built=&#8220;1&#8243; _builder_version=&#8220;4.16&#8243; _module_preset=&#8220;default&#8220; custom_padding=&#8220;3px||0px|||&#8220; global_colors_info=&#8220;{}&#8220;][et_pb_row _builder_version=&#8220;4.16&#8243; _module_preset=&#8220;default&#8220; global_colors_info=&#8220;{}&#8220;][et_pb_column type=&#8220;4_4&#8243; _builder_version=&#8220;4.16&#8243; _module_preset=&#8220;default&#8220; global_colors_info=&#8220;{}&#8220;][et_pb_text _builder_version=&#8220;4.16&#8243; _module_preset=&#8220;default&#8220; global_colors_info=&#8220;{}&#8220;]<\/p>\n<h2 style=\"text-align: center;\">Stellenangebote<\/h2>\n<p>[\/et_pb_text][\/et_pb_column][\/et_pb_row][\/et_pb_section][et_pb_section fb_built=&#8220;1&#8243; _builder_version=&#8220;4.16&#8243; _module_preset=&#8220;default&#8220; custom_padding=&#8220;0px|||||&#8220; global_colors_info=&#8220;{}&#8220;][et_pb_row make_equal=&#8220;on&#8220; _builder_version=&#8220;4.16&#8243; _module_preset=&#8220;default&#8220; custom_margin=&#8220;|auto|4px|auto||&#8220; custom_padding=&#8220;1px||19px|||&#8220; global_colors_info=&#8220;{}&#8220;][et_pb_column type=&#8220;4_4&#8243; _builder_version=&#8220;4.16&#8243; _module_preset=&#8220;default&#8220; global_colors_info=&#8220;{}&#8220;][et_pb_text _builder_version=&#8220;4.25.2&#8243; _module_preset=&#8220;default&#8220; text_font=&#8220;|500|||||||&#8220; header_4_text_color=&#8220;#666666&#8243; custom_margin=&#8220;||-1px|||&#8220; global_colors_info=&#8220;{}&#8220;]<\/p>\n<p style=\"text-align: justify;\">Zusammen mit den <strong>zwei Praxisinhabern <\/strong>arbeiten in unserer Praxis zurzeit <strong>10 Medizinische Fachangestellte<\/strong> in Voll- und Teilzeit, zudem absolvieren gerade <strong>zwei Auszubildende<\/strong> zur MFA den praktischen Teil ihrer Ausbildung bei uns.<\/p>\n<p style=\"text-align: justify;\">Durch unser breites Spektrum mit <strong>zwei Abteilungen &#8211; der Unfallchirurgie \/ Orthop\u00e4die und dem ambulanten Operationszentrum &#8211;<\/strong> und noch einer <strong>angegliederten Radiologie<\/strong> k\u00f6nnen wir sehr abwechslungsreiche T\u00e4tigkeiten f\u00fcr unsere Mitarbeiterinnen bieten &#8211; mit entsprechenden <strong>M\u00f6glichkeiten zur Weiterbildung und spezieller Qualifikation<\/strong>.<\/p>\n<h4 style=\"text-align: center;\"><strong>Zurzeit sind alle von uns angebotenen Stellen besetzt.<\/strong><\/h4>\n<p>[\/et_pb_text][\/et_pb_column][\/et_pb_row][et_pb_row column_structure=&#8220;1_5,3_5,1_5&#8243; _builder_version=&#8220;4.21.0&#8243; _module_preset=&#8220;default&#8220; global_colors_info=&#8220;{}&#8220;][et_pb_column type=&#8220;1_5&#8243; _builder_version=&#8220;4.21.0&#8243; _module_preset=&#8220;default&#8220; global_colors_info=&#8220;{}&#8220;][\/et_pb_column][et_pb_column type=&#8220;3_5&#8243; _builder_version=&#8220;4.21.0&#8243; _module_preset=&#8220;default&#8220; global_colors_info=&#8220;{}&#8220;][et_pb_text _builder_version=&#8220;4.21.0&#8243; _module_preset=&#8220;default&#8220; global_colors_info=&#8220;{}&#8220;]<\/p>\n<p>Initiativbewerbungen sind aber jederzeit m\u00f6glich unter: <strong>bewerbung@chirse.de<\/strong><\/p>\n<p>oder per Post an:<\/p>\n<p>Chirurgie S\u00fcderelbe<br \/>z.Hd. Dr. J. Dabelstein<br \/>Am Wall 1<br \/>21073 Hamburg<\/p>\n<p>[\/et_pb_text][\/et_pb_column][et_pb_column type=&#8220;1_5&#8243; _builder_version=&#8220;4.21.0&#8243; _module_preset=&#8220;default&#8220; global_colors_info=&#8220;{}&#8220;][\/et_pb_column][\/et_pb_row][\/et_pb_section]<\/p>\n","protected":false},"excerpt":{"rendered":"<p>StellenangeboteZusammen mit den zwei Praxisinhabern arbeiten in unserer Praxis zurzeit 10 Medizinische Fachangestellte in Voll- und Teilzeit, zudem absolvieren gerade zwei Auszubildende zur MFA den praktischen Teil ihrer Ausbildung bei uns. Durch unser breites Spektrum mit zwei Abteilungen &#8211; der Unfallchirurgie \/ Orthop\u00e4die und dem ambulanten Operationszentrum &#8211; und noch einer angegliederten Radiologie k\u00f6nnen wir [&hellip;]<\/p>\n","protected":false},"author":3,"featured_media":0,"parent":0,"menu_order":0,"comment_status":"closed","ping_status":"closed","template":"","meta":{"_et_pb_use_builder":"on","_et_pb_old_content":"","_et_gb_content_width":"","footnotes":""},"class_list":["post-1975","page","type-page","status-publish","hentry"],"_links":{"self":[{"href":"https:\/\/www.chirurgie-suederelbe.de\/index.php?rest_route=\/wp\/v2\/pages\/1975","targetHints":{"allow":["GET"]}}],"collection":[{"href":"https:\/\/www.chirurgie-suederelbe.de\/index.php?rest_route=\/wp\/v2\/pages"}],"about":[{"href":"https:\/\/www.chirurgie-suederelbe.de\/index.php?rest_route=\/wp\/v2\/types\/page"}],"author":[{"embeddable":true,"href":"https:\/\/www.chirurgie-suederelbe.de\/index.php?rest_route=\/wp\/v2\/users\/3"}],"replies":[{"embeddable":true,"href":"https:\/\/www.chirurgie-suederelbe.de\/index.php?rest_route=%2Fwp%2Fv2%2Fcomments&post=1975"}],"version-history":[{"count":34,"href":"https:\/\/www.chirurgie-suederelbe.de\/index.php?rest_route=\/wp\/v2\/pages\/1975\/revisions"}],"predecessor-version":[{"id":2117,"href":"https:\/\/www.chirurgie-suederelbe.de\/index.php?rest_route=\/wp\/v2\/pages\/1975\/revisions\/2117"}],"wp:attachment":[{"href":"https:\/\/www.chirurgie-suederelbe.de\/index.php?rest_route=%2Fwp%2Fv2%2Fmedia&parent=1975"}],"curies":[{"name":"wp","href":"https:\/\/api.w.org\/{rel}","templated":true}]}}